f) = f + 16. What is x(-8)?
8
Let r(s) = s**3 - s**2 - 7. What is r(0)?
-7
Let q(t) = -3*t**2 + 6*t + 1. Determine q(-3).
-44
Let h(l) = l**3 - 12*l**2 + 12*l - 5. Determine h(11).
6
Let k(g) = g - 9. Give k(12).
3
Let o(l) = l + 28. What is o(-21)?
7
Let x(j) = -j**3 - 10*j**2 - 8*j + 10. Determine x(-9).
1
Let u(a) = 4*a + 120. Determine u(-33).
-12
Let v(q) = 3*q + 5. Calculate v(-5).
-10
Let x(n) = n**3 + 3*n**2 + n. What is x(-1)?
1
Let w(k) = 2*k**3 + 29*k**2 + 99*k - 19. Calculate w(-6).
-1
Let f(u) = -u**3 + 7*u**2 - 2*u + 21. Calculate f(7).
7
Let b(z) = -z**3 + 3*z**2 - 4*z + 4. Calculate b(2).
0
Let j(m) = 3*m**3 + 32*m**2 + 23*m + 6. Calculate j(-10).
-24
Let b(s) = s**2 + 16*s - 37. What is b(-18)?
-1
Let g(q) = -55*q - 670. Calculate g(-12).
-10
Let d(z) = -19*z + 7. Calculate d(4).
-69
Let w(h) = -13*h + 299. Determine w(23).
0
Let h(n) = n**2 + 20*n + 17. Determine h(-20).
17
Let b(m) = 190*m + 378. Determine b(-2).
-2
Let j(c) = -c**2 - 18*c + 87. Determine j(-22).
-1
Let l(u) = u**2 - 19*u + 32. Give l(16).
-16
Let d(u) = 22*u + 31. Calculate d(-3).
-35
Let z(j) = -32*j + 350. What is z(11)?
-2
Let h(o) = -4*o**2 - 2*o. Calculate h(-2).
-12
Let g(t) = t**3 + 5*t**2 - 5*t + 10. Calculate g(-6).
4
Let m(h) = 4*h - 46. Calculate m(11).
-2
Let f(c) = -10*c - 4. What is f(-3)?
26
Let v(w) = w - 11. Give v(3).
-8
Let c(g) = -g**2 - 2*g + 3. Determine c(0).
3
Let j(b) = -b**3 - 7*b**2 + 7. Determine j(-7).
7
Let r(v) = -v**3 - 8*v**2 + 9*v + 7. What is r(-9)?
7
Let u(v) = -v**3 - 8*v**2 - v + 1. Give u(-7).
-41
Let t(z) = -z**2 - 15*z + 57. Give t(4).
-19
Let f(v) = -v**3 + 6*v**2 - 8*v + 15. Determine f(5).
0
Let k(g) = -g + 1. Give k(-4).
5
Let k(q) = q**3 + 8*q**2 + 9*q + 20. What is k(-7)?
6
Let j(p) = 4*p - 87. What is j(25)?
13
Let c(x) = x**3 + 26*x**2 - 91*x - 115. What is c(-29)?
1
Let j(w) = w**2 + 4*w + 1. What is j(-8)?
33
Let u(h) = -8*h**2 - 10*h. What is u(-5)?
-150
Let o(c) = c**2 + 5*c + 3. Calculate o(-2).
-3
Let v(d) = 2*d**2 + 34*d + 16. What is v(-15)?
-44
Let t(v) = v**3 - 8*v**2 + 2*v - 11. What is t(8)?
5
Let y(m) = -m**2 - 8*m + 5. What is y(-7)?
12
Let q(u) = -u**3 - 14*u**2 - 5*u + 27. Calculate q(-14).
97
Let a(w) = -2*w**3 + 35*w**2 - 16*w - 28. Calculate a(17).
-11
Let q(v) = -v**2 + 2*v + 22. Give q(5).
7
Let a(g) = 8*g + 4. What is a(27)?
220
Let m(k) = k**3 + 8*k**2 - 10*k - 1. Give m(-9).
8
Let w(t) = -2*t - 1. Determine w(-6).
11
Let u(n) = -7*n**3 + n**2 - 3*n + 2. Calculate u(2).
-56
Let a(g) = -g**2 - 26*g - 141. Give a(-8).
3
Let m(b) = -78*b - 22. What is m(-2)?
134
Let j(s) = -s**2 + 2*s + 25. What is j(0)?
25
Let t(f) = 3*f**2 + 13*f + 8. Give t(-4).
4
Let c(v) = v**3 + 10*v**2 + 8*v - 2. What is c(-9)?
7
Let p(u) = 27*u**3 + u**2 + u. What is p(-1)?
-27
Let k(v) = v**2 + 8*v - 10. Determine k(-10).
10
Let a(h) = -h**3 - 4*h**2 + 14*h - 5. Give a(-5).
-50
Let s(q) = -6*q**2 - 3*q + 3. Calculate s(2).
-27
Let o(n) = 13*n + 88. Give o(-6).
10
Let t(y) = -6*y**2 + 25*y + 3. Calculate t(4).
7
Let l(b) = -8*b + 13. What is l(3)?
-11
Let q(h) = -2*h**3 - 4*h**2 + 5*h - 3. Give q(-4).
41
Let z(h) = 2*h**3 + 3*h**2 + h + 3. Calculate z(-3).
-27
Let d(x) = 41*x - 221. Give d(5).
-16
Let i(z) = -3*z**3 - 27*z**2 + 8. Give i(-9).
8
Let o(t) = -2*t**2 + 9*t + 84. Determine o(-5).
-11
Let d(m) = 13*m + 146. Calculate d(-8).
42
Let d(f) = -f**3 + 12*f**2. Give d(12).
0
Let b(a) = -a**3 - 4*a**2 + 1. Give b(-4).
1
Let u(p) = 180*p - 1622. Give u(9).
-2
Let y(a) = -a**2 - 9*a - 7. Calculate y(-4).
13
Let k(o) = o**2 + 18*o + 64. Determine k(-12).
-8
Let u(d) = -3*d - 26. What is u(-6)?
-8
Let o(g) = -2*g**2 + 4*g - 9. Give o(4).
-25
Let i(l) = -l**3 - 25*l**2 - 45*l + 31. Calculate i(-23).
8
Let u(l) = l**2 - 13*l - 204. Determine u(-9).
-6
Let t(q) = 19*q - 129. What is t(6)?
-15
Let c(s) = -2*s**3 - 15*s**2 - 4*s - 15. Calculate c(-7).
-36
Let f(t) = t**2 - 34*t - 154. What is f(38)?
-2
Let u(b) = -b**3 - b**2 + 8*b + 3. Give u(-3).
-3
Let q(k) = k**3 + 4*k**2 - 7*k + 3. Determine q(-6).
-27
Let y(t) = -2*t**2 - 28*t. Determine y(-12).
48
Let y(t) = 22*t + 23. Calculate y(-2).
-21
Let f(q) = -38*q**3 - 2*q + 1. Give f(1).
-39
Let n(x) = 4*x + 4. Determine n(-3).
-8
Let h(w) = -w**3 + 6*w**2 - 7*w + 2. Give h(4).
6
Let c(o) = 44*o - 590. Calculate c(13).
-18
Let b(t) = -t**2 - 20*t + 122. Calculate b(-25).
-3
Let d(g) = -3*g**2 - g - 5. Give d(3).
-35
Let v(x) = -x**3 - 10*x**2 - 14*x - 13. Give v(-9).
32
Let x(k) = k - 2. Give x(-9).
-11
Let i(m) = -9*m**3 + m + 2. Give i(-1).
10
Let f(z) = z**3 - z + 39. Determine f(0).
39
Let n(l) = l**3 + 47*l**2 - 3*l - 139. Determine n(-47).
2
Let t(b) = -b + 20. Give t(9).
11
Let y(c) = -10*c - 10. Give y(-3).
20
Let f(y) = -y**3 + 9*y**2 - 7*y - 10. What is f(9)?
-73
Let m(o) = -2*o**2 - 35*o + 7. What is m(-17)?
24
Let f(m) = -5*m - 6. Give f(-2).
4
Let m(c) = -c**3 - 19*c**2 - 20*c - 35. Determine m(-18).
1
Let w(v) = 12*v**2 - 33*v - 1. Determine w(3).
8
Let g(n) = 4*n**2 - 9*n + 18. Determine g(6).
108
Let n(y) = -y**3 + 18*y**2 + 2*y - 20. Determine n(18).
16
Let m(o) = -o**3 - 19*o**2 + 69*o + 66. What is m(-22)?
0
Let l(a) = -a**3 + 28*a**2 + a - 28. What is l(28)?
0
Let i(b) = b**3 + 13*b**2 + 11*b - 17. Determine i(-12).
-5
Let g(r) = r**3 + 6*r**2 + 11. What is g(-6)?
11
Let g(z) = -2*z**3 - 2*z**2 - 5*z - 10. Determine g(-2).
8
Let l(t) = 3*t**3 + t**2 + t - 2. Determine l(1).
3
Let c(n) = 2*n + 13. Calculate c(-18).
-23
Let x(j) = 18*j + 170. What is x(-8)?
26
Let z(h) = -h**3 + 20*h**2 - 50*h - 32. What is z(17)?
-15
Let t(a) = -a**3 + 16*a**2 + 37*a - 3. Calculate t(18).
15
Let f(t) = 6*t**2 - 38*t - 24. Calculate f(7).
4
Let j(x) = 29*x + 2. Calculate j(-1).
-27
Let m(t) = -2*t**3 + 5*t**2 + 12*t - 15. What is m(3)?
12
Let p(t) = -t + 1. Give p(5).
-4
Let x(f) = 2*f**3 - 16*f**2 + f - 15. Determine x(8).
-7
Let w(d) = d**3 - 3*d**2 - 3*d + 3. Calculate w(5).
38
Let h(i) = 19*i + 133. Give h(-7).
0
Let o(l) = -l**3 + l**2 + 7*l - 117. Give o(-5).
-2
Let y(i) = -i**2 - 20*i - 36. Calculate y(-15).
39
Let g(f) = -f + 10. Give g(14).
-4
Let g(c) = -c**3 - 27*c**2 + 60*c + 55. Calculate g(-29).
-3
Let z(c) = 2*c**2 + c - 4. Give z(2).
6
Let s(a) = a - 13. Calculate s(11).
-2
Let y(m) = -2*m + 25. Calculate y(12).
1
Let k(a) = 2*a - 4. Calculate k(-4).
-12
Let u(n) = -n**3 + 10*n**2 + 13*n - 6. Give u(11).
16
Let b(n) = -5*n**2 + 3*n - 5. Give b(0).
-5
Let w(r) = -13*r - 138. Determine w(-10).
-8
Let f(j) = j**3 - 7*j**2 - j + 9. What is f(7)?
2
Let w(z) = z**3 + 7*z**2 - 9*z - 32. Give w(-7).
31
Let r(g) = -6*g - 5. Calculate r(-7).
37
Let f(m) = -m**3 + 3*m**2 + m. Determine f(4).
-12
Let j(v) = -v + 14. Calculate j(5).
9
Let d(h) = 6*h - 126. Determine d(21).
0
Let f(r) = r**3 + 4*r**2 - 2*r + 15. Give f(-5).
0
Let v(g) = 77*g + 9. Give v(-2).
-145
Let u(k) = k**3 - 6*k**2 - 13*k + 11. What is u(8)?
35
Let d(v) = -6*v**2 - 28*v - 21. Calculate d(-4).
-5
Let q(b) = -2*b**2 - b + 4. Calculate q(-3).
-11
Let h(o) = -o**2 + 4*o + 40. Give h(9).
-5
Let x(o) = -o**2 - 5*o + 20. Give x(-8).
-4
Let a(f) = 7*f - 53. Calculate a(6).
-11
Let m(h) = -11*h + 25. Calculate m(4).
-19
Let x(w) = -5*w**3 - 7*w**2 + 4*w + 5. Calculate x(-2).
9
Let r(v) = 9*v + 38. Calculate r(-13).
-79
Let k(y) = -y**3 - 5*y**2 + 7*y - 5. Give k(-6).
-11
Let n(b) = b**3 + 4*b**2 - b + 5. Give n(-4).
9
Let j(z) = -z**2 + z + 5. Give j(3).
-1
Let z(n) = 3*n - 6. What is z(12)?
30
Let q(a) = -23*a + 38. Determine q(2).
-8
Let r(w) = -3*w - 4. Determine r(-5).
11
Let k(i) = -i**3 + 8*i**2 + 4*i - 11. Give k(8).
21
Let h(z) = -z + 14. Calculate h(10).
4
Let d(j) = 15*j**3 + j**2 - 2*j + 1. Calculate d(1).
15
Let l(z) = -6*z - 242. Give l(-41).
4
Let q(t) = 20*t + 35. Calculate q(-2).
-5
Let r(n) = -7*n - 172. Give r(-24).
-4
Let m(d) = -d**3 - 3*d**2 - 3. Determine m(-3).
-3
Let p(h) = -h**3 - 3*h**2 + 4*h - 7. Give p(-5).
23
Let m(u) = -7*u + 17. Give m(9).
-46
Let o(d) = d - 6. Determine o(12).
6
Let t(j) = -j - 5. What is t(-4)?
-1
Let j(i) = i**3 + 18*i**2 + 17*i + 8. Determine j(-17).
8
Let o(s) = s**3 - 3*s**2 - s - 4. Calculate o(4).
8
Let x(v) = v**3 - 4*v**2 - 5*v + 3. What is x(5)?
3
Let t(j) = -13*j + 152. Give t(11).
9
Let j(h) = -h + 1. Calculate j(-4).
5
Let u(w) = -33*w - 